{"id":341,"date":"2014-12-27T16:30:37","date_gmt":"2014-12-27T15:30:37","guid":{"rendered":"https:\/\/ascfr.com\/?page_id=341"},"modified":"2014-12-27T16:30:37","modified_gmt":"2014-12-27T15:30:37","slug":"fc-supporters","status":"publish","type":"page","link":"https:\/\/ascfr.com\/?page_id=341","title":{"rendered":"Fc Supporters"},"content":{"rendered":"<p><a href=\"https:\/\/ascfr.com\/wp-content\/uploads\/2014\/12\/supporters-fc.jpg\"><img loading=\"lazy\" decoding=\"async\" src=\"https:\/\/ascfr.com\/wp-content\/uploads\/2014\/12\/supporters-fc-209x300.jpg\" alt=\"supporters-fc\" width=\"209\" height=\"300\" class=\"alignleft size-medium wp-image-342\" srcset=\"https:\/\/ascfr.com\/wp-content\/uploads\/2014\/12\/supporters-fc-209x300.jpg 209w, https:\/\/ascfr.com\/wp-content\/uploads\/2014\/12\/supporters-fc.jpg 353w\" sizes=\"(max-width: 209px) 100vw, 209px\" \/><\/a> Salut \u00e0 tous,<br \/>\nComme vous le savez sans doute un livre sur les supporters de foot vient de voir le jour. Il s&#8217;appelle &#8220;Supporters F.C&#8221; et a pour but de montrer un autre versant d&#8217;un foot parfois un peu trop m\u00e9diatis\u00e9. Non, ce n&#8217;est pas que Messi, Ronaldo, le Ballon d&#8217;Or ou Blatter ! Il y a aussi de simples supporters ou \u00e9ducateurs qui oeuvrent dans l&#8217;ombre par passion d&#8217;un sport universel et parfois si social.<br \/>\n\u00c9crit par Pascal Pacaly, qui, d&#8217;habitude est plus connu pour ses livres sur le rock fran\u00e7ais tel &#8221; Rock Attitude&#8221; ( sur, entre autres Cali, Shaka Ponk, Olivia Ruiz, Thiefaine, BB Brunes etc). voici d&#8217;ailleurs le teaser : http:\/\/www.youtube.com\/watch?v=LzSMo_LUxDg , ce st\u00e9phanois ne pouvait que tomber dans le chaudron Vert. Il laisse donc, lui aussi , parler sa passion.<\/p>\n<p>Voil\u00e0 le r\u00e9sum\u00e9 :<br \/>\n&#8221; Un livre de fans, par les fans, pour les fans&#8221;. &#8221; Immersion totale dans l&#8217;autre facette du football fran\u00e7ais et international&#8221;.<br \/>\nLe foot est le sport le plus pratiqu\u00e9 au monde. Avec la multiplication des r\u00e9seaux sociaux, plus rien n&#8217;\u00e9chappe \u00e0 personne, tout y est d\u00e9cortiqu\u00e9 et analys\u00e9 sans r\u00e9pits. Pourtant, le football, ce n&#8217;est pas que cela, qu&#8217;une course effr\u00e9n\u00e9e vers la gloire et l&#8217;argent. Derri\u00e8re les stars et le strass, derri\u00e8re Messi et Ronaldo, il y a des gens, souvent anonymes, qui forment la base de l&#8217;\u00e9difice. Sans eux, sans tous ces \u00e9ducateurs, fans et autres joueurs amateurs, ce colosse aux pieds d&#8217;argile serait tomb\u00e9 depuis longtemps de son pi\u00e9destal. \u00c0 travers une vingtaine de portraits d&#8217;acteurs du ballon rond aussi diff\u00e9rents que des arbitres, supporters, joueurs, journalistes et \u00e9ducateurs, d&#8217;Arsenal, \u00e0 Marseille, de Paris \u00e0 Barcelone, de Lyon \u00e0 New York &#8211; sans oublier bien s\u00fbr Saint-\u00c9tienne, fief de l&#8217;auteur- voyagez dans le coeur de ces passionn\u00e9s, qui, s&#8217;ils sont moins m\u00e9diatis\u00e9s, n&#8217;en restent pas moins le coeur du football. Au programme des personnages comme Yannick Stopyra, Vincent Duluc de l&#8217;\u00e9quipe, l&#8217;arbitre Michel Vautrot, le r\u00e9alisateur de Canal Plus Fran\u00e7ois Charles Bideaux, des reportages sur l&#8217;\u00e9pop\u00e9e des Verts 76 \u00e0 Glasgow et la r\u00e9cente finale de coupe de la Ligue&#8230;<\/p>\n<p>voil\u00e0, par ailleurs, la d\u00e9dicace du livre, pour vous donner une id\u00e9e :<br \/>\n&#8220;Aux supporters qui font 300 km pour assister \u00e0 une rencontre, \u00e0 ceux qui mangent des pains frites \u00e0 la sortie des stades en refaisant le match, \u00e0 ceux qui se les caillent sur les aires d&#8217;autoroutes en se lan\u00e7ant des vannes, \u00e0 ceux qui \u00e9coutent les multiplex radio dans leur chambre ou cuisine et \u00e0 tous ceux qui aiment le vrai foot, ce livre est pour vous&#8221;<\/p>\n<p>Nous diffuserons bient\u00f4t des extraits du livre !<br \/>\nCelui-ci est d&#8217;ores et d\u00e9j\u00e0 dispo en librairie, mais encore plus sur ce site : http:\/\/www.leseditionsdephenicie.fr\/fr\/histoires-d-humains\/38-supporters-fc.html<\/p>\n<p>Infos par l&#8217;auteur ici : https:\/\/www.facebook.com\/pacaly.pascal.5<\/p>\n","protected":false},"excerpt":{"rendered":"<p>Salut \u00e0 tous, Comme vous le savez sans doute un livre sur les supporters de foot vient de voir le jour. Il s&#8217;appelle &#8220;Supporters F.C&#8221; et a pour but de montrer un autre versant d&#8217;un foot parfois un peu trop m\u00e9diatis\u00e9. Non, ce n&#8217;est pas que Messi, Ronaldo, le Ballon d&#8217;Or ou Blatter ! Il [&hellip;]<\/p>\n","protected":false},"author":2,"featured_media":0,"parent":0,"menu_order":0,"comment_status":"closed","ping_status":"open","template":"","meta":{"footnotes":""},"_links":{"self":[{"href":"https:\/\/ascfr.com\/index.php?rest_route=\/wp\/v2\/pages\/341"}],"collection":[{"href":"https:\/\/ascfr.com\/index.php?rest_route=\/wp\/v2\/pages"}],"about":[{"href":"https:\/\/ascfr.com\/index.php?rest_route=\/wp\/v2\/types\/page"}],"author":[{"embeddable":true,"href":"https:\/\/ascfr.com\/index.php?rest_route=\/wp\/v2\/users\/2"}],"replies":[{"embeddable":true,"href":"https:\/\/ascfr.com\/index.php?rest_route=%2Fwp%2Fv2%2Fcomments&post=341"}],"version-history":[{"count":1,"href":"https:\/\/ascfr.com\/index.php?rest_route=\/wp\/v2\/pages\/341\/revisions"}],"predecessor-version":[{"id":343,"href":"https:\/\/ascfr.com\/index.php?rest_route=\/wp\/v2\/pages\/341\/revisions\/343"}],"wp:attachment":[{"href":"https:\/\/ascfr.com\/index.php?rest_route=%2Fwp%2Fv2%2Fmedia&parent=341"}],"curies":[{"name":"wp","href":"https:\/\/api.w.org\/{rel}","templated":true}]}}