{"id":192,"date":"2014-06-16T22:06:57","date_gmt":"2014-06-16T21:06:57","guid":{"rendered":"https:\/\/ascfr.com\/?page_id=192"},"modified":"2025-10-06T18:49:14","modified_gmt":"2025-10-06T17:49:14","slug":"reservation-de-billet-pour-les-matchs","status":"publish","type":"page","link":"https:\/\/ascfr.com\/?page_id=192","title":{"rendered":"R\u00e9servations 2025-26"},"content":{"rendered":"\n<blockquote class=\"wp-block-quote\">\n<p><strong><mark style=\"background-color:rgba(0, 0, 0, 0)\" class=\"has-inline-color has-vivid-red-color\">Point sur les r\u00e9servations<\/mark><\/strong><\/p>\n\n\n\n<p><strong>Des places seront disponibles pour les matchs de Champion&#8217;s League en phase de groupe<\/strong>, donc n&#8217;h\u00e9sitez pas \u00e0 vous positionner si vous n&#8217;avez pas encore fait de demande de r\u00e9servations cette saison, ou si vous en avez pas encore fait 3.<\/p>\n\n\n\n<p>A priori les matchs seront de cat\u00e9gorie A ou B, mais on a pas encore confirmation. <\/p>\n\n\n\n<p>Comme la saison derni\u00e8re, on ne pourra pas obtenir de place pour les matchs \u00e0 l&#8217;ext\u00e9rieur.<\/p>\n\n\n\n<p>En cas d&#8217;interrogations vous pouvez toujours contacter Eric ou moi pour poser vos questions :<br>eric@arsenal-france.fr<br>admin@arsenal-france.fr<\/p>\n\n\n\n<p><\/p>\n<cite>Vince &#8211; 30\/08\/25<\/cite><\/blockquote>\n\n\n\n<figure class=\"wp-block-image size-large\"><a href=\"https:\/\/ascfr.com\/wp-content\/uploads\/2022\/07\/schema.jpg\"><img loading=\"lazy\" decoding=\"async\" width=\"1024\" height=\"493\" src=\"https:\/\/ascfr.com\/wp-content\/uploads\/2022\/07\/schema-1024x493.jpg\" alt=\"\" class=\"wp-image-1122\" srcset=\"https:\/\/ascfr.com\/wp-content\/uploads\/2022\/07\/schema-1024x493.jpg 1024w, https:\/\/ascfr.com\/wp-content\/uploads\/2022\/07\/schema-300x144.jpg 300w, https:\/\/ascfr.com\/wp-content\/uploads\/2022\/07\/schema-768x370.jpg 768w, https:\/\/ascfr.com\/wp-content\/uploads\/2022\/07\/schema-1536x739.jpg 1536w, https:\/\/ascfr.com\/wp-content\/uploads\/2022\/07\/schema.jpg 1772w\" sizes=\"(max-width: 1024px) 100vw, 1024px\" \/><\/a><\/figure>\n\n\n\n<hr class=\"wp-block-separator has-css-opacity\"\/>\n\n\n\n<p><strong>Informations &amp; r\u00e8gles importantes, \u00e0 lire avant de nous faire parvenir une demande de ticket :<\/strong><br>\u2022 <strong>Un membre ne peut r\u00e9server qu\u2019un seul ticket par match<\/strong>. Donc si vous \u00eates 2 (ou plus), chaque personne doit adh\u00e9rer \u00e0 l&#8217;association.<br>\u2022 <strong>On accepte plus de r\u00e9servation de groupe de plus de 3 personnes<\/strong> vu le faible nombre de billet obtenu par match.<br>\u2022 Les membres de l&#8217;ASCFR peuvent r\u00e9server leur place pour plus d&#8217;un match dans la saison. Si lors de votre premi\u00e8re demande de r\u00e9servation vous n&#8217;avez pas pu obtenir de billet, vous \u00eates prioritaire lors de votre seconde demande de r\u00e9servation. Cependant <strong>vous \u00eates limit\u00e9 \u00e0 3 demandes de r\u00e9servation<\/strong> sur une saison.<br>\u2022 Rendez-vous sur<a href=\"https:\/\/ascfr.com\/?p=1099\"> le calendrier des r\u00e9servations<\/a> pour bien \u00eatre au courant des deadlines (une fois cette date d\u00e9pass\u00e9e je ne peux plus accepter de r\u00e9servation pour le match concern\u00e9). Apr\u00e8s la deadline, le Club donne une r\u00e9ponse confirmant totalement ou partiellement la demande de billets.<br> \u2022 <strong>Soyez conscient aussi que la date\/heure du match peuvent changer tant que les chaines de TV anglaises ne les ont pas fix\u00e9<\/strong> (en g\u00e9n\u00e9ral un mois ou plus avant). Les matchs de championnats peuvent aussi \u00eatre d\u00e9cal\u00e9 en fonction du parcours du Club (ou des adversaires) dans les coupes.<\/p>\n\n\n\n<p><strong>Les tarifs <\/strong>:<\/p>\n\n\n\n<p><strong><br><\/strong><span style=\"color: #0000ff;\"><strong>Cat\u00e9gorie<\/strong> <strong>A<\/strong><\/span> : <span style=\"color: #0000ff;\"><strong>130\u20ac<\/strong><\/span>&nbsp;(Chelsea\/Liverpool\/Manchester United\/ManchesterCity\/Tottenham)<\/p>\n\n\n\n<p><span style=\"color: #ff9900;\"><strong>Cat\u00e9gorie<\/strong><\/span> <strong><span style=\"color: #ff9900;\">B<\/span><\/strong> : <span style=\"color: #ff9900;\"><strong>80\u20ac<\/strong><\/span> (voir le calendrier des r\u00e9servations)<\/p>\n\n\n\n<p><span style=\"color: #339966;\"><strong>Cat\u00e9gorie<\/strong><\/span> <strong><span style=\"color: #339966;\">C<\/span><\/strong> : <span style=\"color: #339966;\"><strong>60\u20ac<\/strong><\/span> (voir le calendrier des r\u00e9servations).<\/p>\n\n\n\n<p>Vous serez g\u00e9n\u00e9ralement situ\u00e9s dans la tribune Clock End, Upper Tier, Block 123 ou dans les blocks a proximit\u00e9.<\/p>\n\n\n<div class=\"wp-block-image\">\n<figure class=\"aligncenter\"><a href=\"https:\/\/ascfr.com\/wp-content\/uploads\/2014\/07\/bon_reservation_1415.doc\"><img loading=\"lazy\" decoding=\"async\" width=\"600\" height=\"430\" src=\"https:\/\/ascfr.com\/wp-content\/uploads\/2014\/06\/8kka.jpg\" alt=\"8kka\" class=\"wp-image-193\" srcset=\"https:\/\/ascfr.com\/wp-content\/uploads\/2014\/06\/8kka.jpg 600w, https:\/\/ascfr.com\/wp-content\/uploads\/2014\/06\/8kka-300x215.jpg 300w\" sizes=\"(max-width: 600px) 100vw, 600px\" \/><\/a><\/figure><\/div>\n\n\n<p><strong>Mode d\u2019emploi :<\/strong><\/p>\n\n\n\n<ul>\n<li>Une fois que vous \u00eates inscrit, <strong>vous pouvez envoyer votre r\u00e9servation<\/strong> gr\u00e2ce au formulaire en bas de page. <\/li>\n\n\n\n<li>Une fois votre demande re\u00e7ue, elle est transmise au Club. Il faut ensuite patienter quelques jours apr\u00e8s la deadline (<a href=\"https:\/\/ascfr.com\/?p=1099\" data-type=\"post\" data-id=\"1099\">voir calendrier des r\u00e9servations<\/a>) pour avoir la r\u00e9ponse du Club. D\u00e8s qu&#8217;on a la r\u00e9ponse d&#8217;Arsenal, on vous pr\u00e9viens et c&#8217;est alors le moment pour vous, en cas de confirmation, de<strong> payer le ou les billets r\u00e9serv\u00e9s<\/strong> (directement sur le site par virement).<\/li>\n\n\n\n<li>Enfin, il vous faudra patienter \u00e0 nouveau et 7-10 jours avant la date du match<strong> on vous transmettra le(s) billet(s) par mail<\/strong>. Les e-billets peuvent \u00eatre imprim\u00e9, ils ont dessus un code barre qui permet de rentrer au stade par les tourniquets.<\/li>\n<\/ul>\n\n\n\n<p>Visualisez<a href=\"https:\/\/ascfr.com\/?p=1099\"> le calendrier des r\u00e9servations<\/a> pour savoir si un match est ouvert \u00e0 la r\u00e9servation, et connaitre la date limite.<\/p>\n\n\n\n<p><strong>On ferme les r\u00e9servations avant la deadline d\u00e8s que l&#8217;on a trop de demandes, donc n&#8217;h\u00e9sitez pas \u00e0 faire vos demandes de r\u00e9servation le plus t\u00f4t possible. Et n&#8217;oubliez pas que c&#8217;est limit\u00e9 \u00e0 3 demandes par membre par saison.<\/strong><\/p>\n\n\n\n<p>Si vous avez des questions, je suis \u00e0 votre disposition pour y r\u00e9pondre, directement sur le forum<br>ou par mail \u00e0 <a href=\"mailto:admin@arsenal-france.fr\">admin@arsenal-france.fr<\/a> <\/p>\n\n\n\n<hr class=\"wp-block-separator has-alpha-channel-opacity\"\/>\n\n\n\n<pre class=\"wp-block-code\"><code><\/code><\/pre>\n\n\n","protected":false},"excerpt":{"rendered":"<p>Point sur les r\u00e9servations Des places seront disponibles pour les matchs de Champion&#8217;s League en phase de groupe, donc n&#8217;h\u00e9sitez pas \u00e0 vous positionner si vous n&#8217;avez pas encore fait de demande de r\u00e9servations cette saison, ou si vous en avez pas encore fait 3. A priori les matchs seront de cat\u00e9gorie A ou B, [&hellip;]<\/p>\n","protected":false},"author":2,"featured_media":0,"parent":0,"menu_order":0,"comment_status":"closed","ping_status":"open","template":"","meta":{"footnotes":""},"_links":{"self":[{"href":"https:\/\/ascfr.com\/index.php?rest_route=\/wp\/v2\/pages\/192"}],"collection":[{"href":"https:\/\/ascfr.com\/index.php?rest_route=\/wp\/v2\/pages"}],"about":[{"href":"https:\/\/ascfr.com\/index.php?rest_route=\/wp\/v2\/types\/page"}],"author":[{"embeddable":true,"href":"https:\/\/ascfr.com\/index.php?rest_route=\/wp\/v2\/users\/2"}],"replies":[{"embeddable":true,"href":"https:\/\/ascfr.com\/index.php?rest_route=%2Fwp%2Fv2%2Fcomments&post=192"}],"version-history":[{"count":101,"href":"https:\/\/ascfr.com\/index.php?rest_route=\/wp\/v2\/pages\/192\/revisions"}],"predecessor-version":[{"id":1550,"href":"https:\/\/ascfr.com\/index.php?rest_route=\/wp\/v2\/pages\/192\/revisions\/1550"}],"wp:attachment":[{"href":"https:\/\/ascfr.com\/index.php?rest_route=%2Fwp%2Fv2%2Fmedia&parent=192"}],"curies":[{"name":"wp","href":"https:\/\/api.w.org\/{rel}","templated":true}]}}